{"id":357,"date":"2023-06-30T17:45:52","date_gmt":"2023-06-30T15:45:52","guid":{"rendered":"https:\/\/beta4.mrtanandco.fr\/?page_id=357"},"modified":"2026-01-12T12:33:42","modified_gmt":"2026-01-12T10:33:42","slug":"mortelle-adele365-jours-pour-etre-sage","status":"publish","type":"page","link":"https:\/\/www.mrtanandco.fr\/index.php\/mortelle-adele365-jours-pour-etre-sage\/","title":{"rendered":"Mortelle Ad\u00e8le 365 jours pour \u00eatre sage"},"content":{"rendered":"\t\t<div data-elementor-type=\"wp-page\" data-elementor-id=\"357\" class=\"elementor elementor-357\">\n\t\t\t\t\t\t<section class=\"elementor-section elementor-top-section elementor-element elementor-element-92d6efa elementor-section-boxed elementor-section-height-default elementor-section-height-default\" data-id=\"92d6efa\" data-element_type=\"section\" data-e-type=\"section\">\n\t\t\t\t\t\t<div class=\"elementor-container elementor-column-gap-default\">\n\t\t\t\t\t<div class=\"elementor-column elementor-col-50 elementor-top-column elementor-element elementor-element-32b5f7a\" data-id=\"32b5f7a\" data-element_type=\"column\" data-e-type=\"column\">\n\t\t\t<div class=\"elementor-widget-wrap elementor-element-populated\">\n\t\t\t\t\t\t<div class=\"elementor-element elementor-element-c095fec elementor-widget elementor-widget-image\" data-id=\"c095fec\" data-element_type=\"widget\" data-e-type=\"widget\" data-widget_type=\"image.default\">\n\t\t\t\t<div class=\"elementor-widget-container\">\n\t\t\t\t\t\t\t\t\t\t\t\t\t\t\t<img fetchpriority=\"high\" decoding=\"async\" width=\"1280\" height=\"1280\" src=\"https:\/\/www.mrtanandco.fr\/wp-content\/uploads\/2026\/01\/COUV-ALBUM-365-Grande.jpeg\" class=\"attachment-full size-full wp-image-1563\" alt=\"\" srcset=\"https:\/\/www.mrtanandco.fr\/wp-content\/uploads\/2026\/01\/COUV-ALBUM-365-Grande.jpeg 1280w, https:\/\/www.mrtanandco.fr\/wp-content\/uploads\/2026\/01\/COUV-ALBUM-365-Grande-300x300.jpeg 300w, https:\/\/www.mrtanandco.fr\/wp-content\/uploads\/2026\/01\/COUV-ALBUM-365-Grande-1024x1024.jpeg 1024w, https:\/\/www.mrtanandco.fr\/wp-content\/uploads\/2026\/01\/COUV-ALBUM-365-Grande-150x150.jpeg 150w, https:\/\/www.mrtanandco.fr\/wp-content\/uploads\/2026\/01\/COUV-ALBUM-365-Grande-768x768.jpeg 768w, https:\/\/www.mrtanandco.fr\/wp-content\/uploads\/2026\/01\/COUV-ALBUM-365-Grande-600x600.jpeg 600w\" sizes=\"(max-width: 1280px) 100vw, 1280px\" \/>\t\t\t\t\t\t\t\t\t\t\t\t\t\t\t<\/div>\n\t\t\t\t<\/div>\n\t\t\t\t\t<\/div>\n\t\t<\/div>\n\t\t\t\t<div class=\"elementor-column elementor-col-50 elementor-top-column elementor-element elementor-element-d2fbc56\" data-id=\"d2fbc56\" data-element_type=\"column\" data-e-type=\"column\">\n\t\t\t<div class=\"elementor-widget-wrap elementor-element-populated\">\n\t\t\t\t\t\t<div class=\"elementor-element elementor-element-f157db8 elementor-widget elementor-widget-text-editor\" data-id=\"f157db8\" data-element_type=\"widget\" data-e-type=\"widget\" data-widget_type=\"text-editor.default\">\n\t\t\t\t<div class=\"elementor-widget-container\">\n\t\t\t\t\t\t\t\t\t<h1 class=\"vlt-section-title__title\" style=\"font-size: 35px; text-align: center;\">Mortelle Ad\u00e8le<br \/>365 jours pour \u00eatre sage<\/h1>\t\t\t\t\t\t\t\t<\/div>\n\t\t\t\t<\/div>\n\t\t\t\t<div class=\"elementor-element elementor-element-def4c53 elementor-widget elementor-widget-text-editor\" data-id=\"def4c53\" data-element_type=\"widget\" data-e-type=\"widget\" data-widget_type=\"text-editor.default\">\n\t\t\t\t<div class=\"elementor-widget-container\">\n\t\t\t\t\t\t\t\t\t<p style=\"text-align: center;\">Les chansons de no\u00ebl de Mortelle Adele viennent r\u00e9chauffer l\u2019ambiance des f\u00eates de fin d\u2019ann\u00e9e. Car la petite tornade, grande absente de la liste des enfants sages, compte bien passer un No\u00ebl MORTEL, m\u00eame s\u2019il lui faut pour cela affronter la terrible hotline des petits lutins, convoquer le p\u00e8re no\u00ebl pour lui r\u00e9gler son compte au nom de tous les bizarres, o\u00f9 secouer la m\u00e8re No\u00ebl pour l\u2019inviter \u00e0 prendre enfin le pouvoir ! \ud83e\udd36\ud83c\udffb\ud83c\udf84<\/p>\t\t\t\t\t\t\t\t<\/div>\n\t\t\t\t<\/div>\n\t\t\t\t<div class=\"elementor-element elementor-element-4079ce5 elementor-widget elementor-widget-text-editor\" data-id=\"4079ce5\" data-element_type=\"widget\" data-e-type=\"widget\" data-widget_type=\"text-editor.default\">\n\t\t\t\t<div class=\"elementor-widget-container\">\n\t\t\t\t\t\t\t\t\t<p><strong>Co-production<\/strong><br \/>Mr Tan &amp; Co \/ Sony Music<\/p><p><strong>Date de sortie<\/strong><br \/>25 novembre 2022<\/p><p><strong>ASIN<\/strong><br \/>B0BK1CPTKV<\/p>\t\t\t\t\t\t\t\t<\/div>\n\t\t\t\t<\/div>\n\t\t\t\t<div class=\"elementor-element elementor-element-3ff01f0 elementor-widget elementor-widget-text-editor\" data-id=\"3ff01f0\" data-element_type=\"widget\" data-e-type=\"widget\" data-widget_type=\"text-editor.default\">\n\t\t\t\t<div class=\"elementor-widget-container\">\n\t\t\t\t\t\t\t\t\t<p><strong>Paroles<\/strong><br \/>Mr Tan<\/p><p><strong>Illustrations<\/strong><br \/>Diane Le Feyer<\/p><p><strong>Musiques<\/strong><br \/>Vincent Blaviel<\/p>\t\t\t\t\t\t\t\t<\/div>\n\t\t\t\t<\/div>\n\t\t\t\t<div class=\"elementor-element elementor-element-a2c9e5a elementor-widget elementor-widget-text-editor\" data-id=\"a2c9e5a\" data-element_type=\"widget\" data-e-type=\"widget\" data-widget_type=\"text-editor.default\">\n\t\t\t\t<div class=\"elementor-widget-container\">\n\t\t\t\t\t\t\t\t\t<p style=\"text-align: center;\"><strong><span style=\"color: #000000;\">Interpr\u00e8tes : Doroth\u00e9e Pouss\u00e9o, Mr Tan,<br \/>Diane Le Feyer, Christophe Leclercq et Emmanuel Curtil<\/span><\/strong><\/p>\t\t\t\t\t\t\t\t<\/div>\n\t\t\t\t<\/div>\n\t\t\t\t<div class=\"elementor-element elementor-element-71c7f28 elementor-widget elementor-widget-text-editor\" data-id=\"71c7f28\" data-element_type=\"widget\" data-e-type=\"widget\" data-widget_type=\"text-editor.default\">\n\t\t\t\t<div class=\"elementor-widget-container\">\n\t\t\t\t\t\t\t\t\t<p style=\"text-align: center;\">22 pistes dont 8 en version karaok\u00e9<\/p><p style=\"text-align: center;\"><b>Les personnages<\/b><br \/>Mortelle Ad\u00e8le, Ajax, Geoffroy, <br \/>La M\u00e8re No\u00ebl et Tyroll Le Lutin<\/p>\t\t\t\t\t\t\t\t<\/div>\n\t\t\t\t<\/div>\n\t\t\t\t\t<\/div>\n\t\t<\/div>\n\t\t\t\t\t<\/div>\n\t\t<\/section>\n\t\t\t\t<section class=\"elementor-section elementor-top-section elementor-element elementor-element-2ffad76 elementor-section-boxed elementor-section-height-default elementor-section-height-default\" data-id=\"2ffad76\" data-element_type=\"section\" data-e-type=\"section\">\n\t\t\t\t\t\t<div class=\"elementor-container elementor-column-gap-default\">\n\t\t\t\t\t<div class=\"elementor-column elementor-col-100 elementor-top-column elementor-element elementor-element-fdc37a2\" data-id=\"fdc37a2\" data-element_type=\"column\" data-e-type=\"column\">\n\t\t\t<div class=\"elementor-widget-wrap elementor-element-populated\">\n\t\t\t\t\t\t<div class=\"elementor-element elementor-element-7ca2bd2 elementor-align-center elementor-widget elementor-widget-button\" data-id=\"7ca2bd2\" data-element_type=\"widget\" data-e-type=\"widget\" data-widget_type=\"button.default\">\n\t\t\t\t<div class=\"elementor-widget-container\">\n\t\t\t\t\t\t\t\t\t<div class=\"elementor-button-wrapper\">\n\t\t\t\t\t<a class=\"elementor-button elementor-button-link elementor-size-lg\" href=\"https:\/\/www.mrtanandco.fr\/index.php\/catalogue\/\">\n\t\t\t\t\t\t<span class=\"elementor-button-content-wrapper\">\n\t\t\t\t\t\t<span class=\"elementor-button-icon\">\n\t\t\t\t<i aria-hidden=\"true\" class=\"fas fa-book-open\"><\/i>\t\t\t<\/span>\n\t\t\t\t\t\t\t\t\t<span class=\"elementor-button-text\">Retour au catalogue<\/span>\n\t\t\t\t\t<\/span>\n\t\t\t\t\t<\/a>\n\t\t\t\t<\/div>\n\t\t\t\t\t\t\t\t<\/div>\n\t\t\t\t<\/div>\n\t\t\t\t\t<\/div>\n\t\t<\/div>\n\t\t\t\t\t<\/div>\n\t\t<\/section>\n\t\t\t\t<\/div>\n\t\t","protected":false},"excerpt":{"rendered":"<p>Mortelle Ad\u00e8le365 jours pour \u00eatre sage Les chansons de no\u00ebl de Mortelle Adele viennent r\u00e9chauffer l\u2019ambiance des f\u00eates de fin d\u2019ann\u00e9e. Car la petite tornade, grande absente de la liste des enfants sages, compte bien passer un No\u00ebl MORTEL, m\u00eame s\u2019il lui faut pour cela affronter la terrible hotline des petits lutins, convoquer le p\u00e8re [&hellip;]<\/p>\n","protected":false},"author":1,"featured_media":0,"parent":0,"menu_order":0,"comment_status":"closed","ping_status":"closed","template":"","meta":{"ocean_post_layout":"","ocean_both_sidebars_style":"","ocean_both_sidebars_content_width":0,"ocean_both_sidebars_sidebars_width":0,"ocean_sidebar":"0","ocean_second_sidebar":"0","ocean_disable_margins":"enable","ocean_add_body_class":"","ocean_shortcode_before_top_bar":"","ocean_shortcode_after_top_bar":"","ocean_shortcode_before_header":"","ocean_shortcode_after_header":"","ocean_has_shortcode":"","ocean_shortcode_after_title":"","ocean_shortcode_before_footer_widgets":"","ocean_shortcode_after_footer_widgets":"","ocean_shortcode_before_footer_bottom":"","ocean_shortcode_after_footer_bottom":"","ocean_display_top_bar":"default","ocean_display_header":"default","ocean_header_style":"","ocean_center_header_left_menu":"0","ocean_custom_header_template":"0","ocean_custom_logo":0,"ocean_custom_retina_logo":0,"ocean_custom_logo_max_width":0,"ocean_custom_logo_tablet_max_width":0,"ocean_custom_logo_mobile_max_width":0,"ocean_custom_logo_max_height":0,"ocean_custom_logo_tablet_max_height":0,"ocean_custom_logo_mobile_max_height":0,"ocean_header_custom_menu":"0","ocean_menu_typo_font_family":"0","ocean_menu_typo_font_subset":"","ocean_menu_typo_font_size":0,"ocean_menu_typo_font_size_tablet":0,"ocean_menu_typo_font_size_mobile":0,"ocean_menu_typo_font_size_unit":"px","ocean_menu_typo_font_weight":"","ocean_menu_typo_font_weight_tablet":"","ocean_menu_typo_font_weight_mobile":"","ocean_menu_typo_transform":"","ocean_menu_typo_transform_tablet":"","ocean_menu_typo_transform_mobile":"","ocean_menu_typo_line_height":0,"ocean_menu_typo_line_height_tablet":0,"ocean_menu_typo_line_height_mobile":0,"ocean_menu_typo_line_height_unit":"","ocean_menu_typo_spacing":0,"ocean_menu_typo_spacing_tablet":0,"ocean_menu_typo_spacing_mobile":0,"ocean_menu_typo_spacing_unit":"","ocean_menu_link_color":"","ocean_menu_link_color_hover":"","ocean_menu_link_color_active":"","ocean_menu_link_background":"","ocean_menu_link_hover_background":"","ocean_menu_link_active_background":"","ocean_menu_social_links_bg":"","ocean_menu_social_hover_links_bg":"","ocean_menu_social_links_color":"","ocean_menu_social_hover_links_color":"","ocean_disable_title":"on","ocean_disable_heading":"default","ocean_post_title":"","ocean_post_subheading":"","ocean_post_title_style":"","ocean_post_title_background_color":"","ocean_post_title_background":0,"ocean_post_title_bg_image_position":"","ocean_post_title_bg_image_attachment":"","ocean_post_title_bg_image_repeat":"","ocean_post_title_bg_image_size":"","ocean_post_title_height":0,"ocean_post_title_bg_overlay":0.5,"ocean_post_title_bg_overlay_color":"","ocean_disable_breadcrumbs":"default","ocean_breadcrumbs_color":"","ocean_breadcrumbs_separator_color":"","ocean_breadcrumbs_links_color":"","ocean_breadcrumbs_links_hover_color":"","ocean_display_footer_widgets":"default","ocean_display_footer_bottom":"default","ocean_custom_footer_template":"0","footnotes":""},"class_list":["post-357","page","type-page","status-publish","hentry","entry"],"_links":{"self":[{"href":"https:\/\/www.mrtanandco.fr\/index.php\/wp-json\/wp\/v2\/pages\/357","targetHints":{"allow":["GET"]}}],"collection":[{"href":"https:\/\/www.mrtanandco.fr\/index.php\/wp-json\/wp\/v2\/pages"}],"about":[{"href":"https:\/\/www.mrtanandco.fr\/index.php\/wp-json\/wp\/v2\/types\/page"}],"author":[{"embeddable":true,"href":"https:\/\/www.mrtanandco.fr\/index.php\/wp-json\/wp\/v2\/users\/1"}],"replies":[{"embeddable":true,"href":"https:\/\/www.mrtanandco.fr\/index.php\/wp-json\/wp\/v2\/comments?post=357"}],"version-history":[{"count":36,"href":"https:\/\/www.mrtanandco.fr\/index.php\/wp-json\/wp\/v2\/pages\/357\/revisions"}],"predecessor-version":[{"id":1566,"href":"https:\/\/www.mrtanandco.fr\/index.php\/wp-json\/wp\/v2\/pages\/357\/revisions\/1566"}],"wp:attachment":[{"href":"https:\/\/www.mrtanandco.fr\/index.php\/wp-json\/wp\/v2\/media?parent=357"}],"curies":[{"name":"wp","href":"https:\/\/api.w.org\/{rel}","templated":true}]}}

Mortelle Adèle 365 jours pour être sage

<div data-elementor-type="wp-page" data-elementor-id="357" class="elementor elementor-357">
						<section class="elementor-section elementor-top-section elementor-element elementor-element-92d6efa elementor-section-boxed elementor-section-height-default elementor-section-height-default" data-id="92d6efa" data-element_type="section" data-e-type="section">
						<div class="elementor-container elementor-column-gap-default">
					<div class="elementor-column elementor-col-50 elementor-top-column elementor-element elementor-element-32b5f7a" data-id="32b5f7a" data-element_type="column" data-e-type="column">
			<div class="elementor-widget-wrap elementor-element-populated">
						<div class="elementor-element elementor-element-c095fec elementor-widget elementor-widget-image" data-id="c095fec" data-element_type="widget" data-e-type="widget" data-widget_type="image.default">
				<div class="elementor-widget-container">
															<img fetchpriority="high" decoding="async" width="1280" height="1280" src="https://www.mrtanandco.fr/wp-content/uploads/2026/01/COUV-ALBUM-365-Grande.jpeg" class="attachment-full size-full wp-image-1563" alt="" srcset="https://www.mrtanandco.fr/wp-content/uploads/2026/01/COUV-ALBUM-365-Grande.jpeg 1280w, https://www.mrtanandco.fr/wp-content/uploads/2026/01/COUV-ALBUM-365-Grande-300x300.jpeg 300w, https://www.mrtanandco.fr/wp-content/uploads/2026/01/COUV-ALBUM-365-Grande-1024x1024.jpeg 1024w, https://www.mrtanandco.fr/wp-content/uploads/2026/01/COUV-ALBUM-365-Grande-150x150.jpeg 150w, https://www.mrtanandco.fr/wp-content/uploads/2026/01/COUV-ALBUM-365-Grande-768x768.jpeg 768w, https://www.mrtanandco.fr/wp-content/uploads/2026/01/COUV-ALBUM-365-Grande-600x600.jpeg 600w" sizes="(max-width: 1280px) 100vw, 1280px" />															</div>
				</div>
					</div>
		</div>
				<div class="elementor-column elementor-col-50 elementor-top-column elementor-element elementor-element-d2fbc56" data-id="d2fbc56" data-element_type="column" data-e-type="column">
			<div class="elementor-widget-wrap elementor-element-populated">
						<div class="elementor-element elementor-element-f157db8 elementor-widget elementor-widget-text-editor" data-id="f157db8" data-element_type="widget" data-e-type="widget" data-widget_type="text-editor.default">
				<div class="elementor-widget-container">
									<h1 class="vlt-section-title__title" style="font-size: 35px; text-align: center;">Mortelle Adèle<br />365 jours pour être sage</h1>								</div>
				</div>
				<div class="elementor-element elementor-element-def4c53 elementor-widget elementor-widget-text-editor" data-id="def4c53" data-element_type="widget" data-e-type="widget" data-widget_type="text-editor.default">
				<div class="elementor-widget-container">
									<p style="text-align: center;">Les chansons de noël de Mortelle Adele viennent réchauffer l’ambiance des fêtes de fin d’année. Car la petite tornade, grande absente de la liste des enfants sages, compte bien passer un Noël MORTEL, même s’il lui faut pour cela affronter la terrible hotline des petits lutins, convoquer le père noël pour lui régler son compte au nom de tous les bizarres, où secouer la mère Noël pour l’inviter à prendre enfin le pouvoir ! 🤶🏻🎄</p>								</div>
				</div>
				<div class="elementor-element elementor-element-4079ce5 elementor-widget elementor-widget-text-editor" data-id="4079ce5" data-element_type="widget" data-e-type="widget" data-widget_type="text-editor.default">
				<div class="elementor-widget-container">
									<p><strong>Co-production</strong><br />Mr Tan &amp; Co / Sony Music</p><p><strong>Date de sortie</strong><br />25 novembre 2022</p><p><strong>ASIN</strong><br />B0BK1CPTKV</p>								</div>
				</div>
				<div class="elementor-element elementor-element-3ff01f0 elementor-widget elementor-widget-text-editor" data-id="3ff01f0" data-element_type="widget" data-e-type="widget" data-widget_type="text-editor.default">
				<div class="elementor-widget-container">
									<p><strong>Paroles</strong><br />Mr Tan</p><p><strong>Illustrations</strong><br />Diane Le Feyer</p><p><strong>Musiques</strong><br />Vincent Blaviel</p>								</div>
				</div>
				<div class="elementor-element elementor-element-a2c9e5a elementor-widget elementor-widget-text-editor" data-id="a2c9e5a" data-element_type="widget" data-e-type="widget" data-widget_type="text-editor.default">
				<div class="elementor-widget-container">
									<p style="text-align: center;"><strong><span style="color: #000000;">Interprètes : Dorothée Pousséo, Mr Tan,<br />Diane Le Feyer, Christophe Leclercq et Emmanuel Curtil</span></strong></p>								</div>
				</div>
				<div class="elementor-element elementor-element-71c7f28 elementor-widget elementor-widget-text-editor" data-id="71c7f28" data-element_type="widget" data-e-type="widget" data-widget_type="text-editor.default">
				<div class="elementor-widget-container">
									<p style="text-align: center;">22 pistes dont 8 en version karaoké</p><p style="text-align: center;"><b>Les personnages</b><br />Mortelle Adèle, Ajax, Geoffroy, <br />La Mère Noël et Tyroll Le Lutin</p>								</div>
				</div>
					</div>
		</div>
					</div>
		</section>
				<section class="elementor-section elementor-top-section elementor-element elementor-element-2ffad76 elementor-section-boxed elementor-section-height-default elementor-section-height-default" data-id="2ffad76" data-element_type="section" data-e-type="section">
						<div class="elementor-container elementor-column-gap-default">
					<div class="elementor-column elementor-col-100 elementor-top-column elementor-element elementor-element-fdc37a2" data-id="fdc37a2" data-element_type="column" data-e-type="column">
			<div class="elementor-widget-wrap elementor-element-populated">
						<div class="elementor-element elementor-element-7ca2bd2 elementor-align-center elementor-widget elementor-widget-button" data-id="7ca2bd2" data-element_type="widget" data-e-type="widget" data-widget_type="button.default">
				<div class="elementor-widget-container">
									<div class="elementor-button-wrapper">
					<a class="elementor-button elementor-button-link elementor-size-lg" href="https://www.mrtanandco.fr/index.php/catalogue/">
						<span class="elementor-button-content-wrapper">
						<span class="elementor-button-icon">
				<i aria-hidden="true" class="fas fa-book-open"></i>			</span>
									<span class="elementor-button-text">Retour au catalogue</span>
					</span>
					</a>
				</div>
								</div>
				</div>
					</div>
		</div>
					</div>
		</section>
				</div>

<p>Mortelle Adèle365 jours pour être sage Les chansons de noël de Mortelle Adele viennent réchauffer l’ambiance des fêtes de fin d’année. Car la petite tornade, grande absente de la liste des enfants sages, compte bien passer un Noël MORTEL, même s’il lui faut pour cela affronter la terrible hotline des petits lutins, convoquer le père [&hellip;]</p>
