{"id":20,"date":"2023-06-29T10:27:15","date_gmt":"2023-06-29T08:27:15","guid":{"rendered":"https:\/\/beta4.mrtanandco.fr\/?page_id=20"},"modified":"2023-06-30T12:57:06","modified_gmt":"2023-06-30T10:57:06","slug":"a-propos","status":"publish","type":"page","link":"https:\/\/www.mrtanandco.fr\/index.php\/a-propos\/","title":{"rendered":"\u00c0 propos"},"content":{"rendered":"<figure class=\"wp-block-post-featured-image\"><img fetchpriority=\"high\" decoding=\"async\" width=\"2049\" height=\"750\" src=\"https:\/\/www.mrtanandco.fr\/wp-content\/uploads\/2023\/06\/media-mr-tan.jpg\" class=\"attachment-post-thumbnail size-post-thumbnail wp-post-image\" alt=\"Mr Tan\" style=\"object-fit:cover;\" srcset=\"https:\/\/www.mrtanandco.fr\/wp-content\/uploads\/2023\/06\/media-mr-tan.jpg 2049w, https:\/\/www.mrtanandco.fr\/wp-content\/uploads\/2023\/06\/media-mr-tan-300x110.jpg 300w, https:\/\/www.mrtanandco.fr\/wp-content\/uploads\/2023\/06\/media-mr-tan-1024x375.jpg 1024w, https:\/\/www.mrtanandco.fr\/wp-content\/uploads\/2023\/06\/media-mr-tan-768x281.jpg 768w, https:\/\/www.mrtanandco.fr\/wp-content\/uploads\/2023\/06\/media-mr-tan-1536x562.jpg 1536w\" sizes=\"(max-width: 2049px) 100vw, 2049px\" \/><\/figure>\n\n\n<h2 class=\"wp-block-heading has-black-color has-text-color\" style=\"font-size:40px\">Qui sommes-nous ?<\/h2>\n\n\n\n<p>Nous avons cr\u00e9\u00e9&nbsp;<strong>Mr Tan &amp; Co<\/strong>&nbsp;pour que nos h\u00e9ros soient au plus pr\u00e8s de vous. Continuer de cr\u00e9er plus que des livres, mais un v\u00e9ritable endroit o\u00f9 c\u00e9l\u00e9brer ce qui nous rassemble depuis d\u00e9j\u00e0 plusieurs ann\u00e9es : des histoires et des univers qui racontent qu\u2019il existe mille chemins pour grandir et devenir soi, et que la seule chose qui compte est de suivre celui qui nous ressemble et nous rend heureux.<\/p>\n\n\n\n<p>Nous croyons fondamentalement que, sur ce chemin, les h\u00e9ros et les h\u00e9ro\u00efnes de notre enfance peuvent nous inspirer \u00e0 chaque instant de notre vie. Nous donner du courage, nous inviter \u00e0 la r\u00e9invention, \u00e0 l\u2019affirmation de soi, \u00e0 s\u2019emparer du monde, qu\u2019il soit int\u00e9rieur ou ext\u00e9rieur.<\/p>\n\n\n\n<p>Chaque ouvrage que vous trouverez ici est une invitation : \u00e0 la rencontre d\u2019un personnage et de sa fantaisie, \u00e0 la lecture et \u00e0 l\u2019apprivoisement des \u00e9motions, \u00e0 la d\u00e9couverte de soi, dans la complexit\u00e9 de ce qui nous compose, et dans la fiert\u00e9 de tout ce qui rend chacun de nous parfaitement unique et singulier.<\/p>\n\n\n\n<p>Livres, musiques, objets, magazines, spectacles, \u00e0 travers toutes les formes nous explorons les possibles.<\/p>\n\n\n\n<p>Plus qu\u2019une maison d\u2019\u00e9dition, cette maison de cr\u00e9ation est d\u00e9di\u00e9e \u00e0 tous les enfants imparfaits et merveilleux, de tous les \u00e2ges, qui par leurs diff\u00e9rences et leur libert\u00e9 transforment un peu plus le monde chaque jour.<\/p>\n\n\n\n<p><strong>Comptez sur nous, pour que vous y soyez toujours les bienvenus !<\/strong><\/p>\n\n\n\n<p>L&rsquo;\u00e9quipe Mr Tan &amp; Co.<\/p>\n","protected":false},"excerpt":{"rendered":"<p>Qui sommes-nous ? Nous avons cr\u00e9\u00e9&nbsp;Mr Tan &amp; Co&nbsp;pour que nos h\u00e9ros soient au plus pr\u00e8s de vous. Continuer de cr\u00e9er plus que des livres, mais un v\u00e9ritable endroit o\u00f9 c\u00e9l\u00e9brer ce qui nous rassemble depuis d\u00e9j\u00e0 plusieurs ann\u00e9es : des histoires et des univers qui racontent qu\u2019il existe mille chemins pour grandir et devenir [&hellip;]<\/p>\n","protected":false},"author":1,"featured_media":110,"parent":0,"menu_order":0,"comment_status":"closed","ping_status":"closed","template":"","meta":{"ocean_post_layout":"","ocean_both_sidebars_style":"","ocean_both_sidebars_content_width":0,"ocean_both_sidebars_sidebars_width":0,"ocean_sidebar":"0","ocean_second_sidebar":"0","ocean_disable_margins":"enable","ocean_add_body_class":"","ocean_shortcode_before_top_bar":"","ocean_shortcode_after_top_bar":"","ocean_shortcode_before_header":"","ocean_shortcode_after_header":"","ocean_has_shortcode":"","ocean_shortcode_after_title":"","ocean_shortcode_before_footer_widgets":"","ocean_shortcode_after_footer_widgets":"","ocean_shortcode_before_footer_bottom":"","ocean_shortcode_after_footer_bottom":"","ocean_display_top_bar":"default","ocean_display_header":"default","ocean_header_style":"","ocean_center_header_left_menu":"0","ocean_custom_header_template":"0","ocean_custom_logo":0,"ocean_custom_retina_logo":0,"ocean_custom_logo_max_width":0,"ocean_custom_logo_tablet_max_width":0,"ocean_custom_logo_mobile_max_width":0,"ocean_custom_logo_max_height":0,"ocean_custom_logo_tablet_max_height":0,"ocean_custom_logo_mobile_max_height":0,"ocean_header_custom_menu":"0","ocean_menu_typo_font_family":"0","ocean_menu_typo_font_subset":"","ocean_menu_typo_font_size":0,"ocean_menu_typo_font_size_tablet":0,"ocean_menu_typo_font_size_mobile":0,"ocean_menu_typo_font_size_unit":"px","ocean_menu_typo_font_weight":"","ocean_menu_typo_font_weight_tablet":"","ocean_menu_typo_font_weight_mobile":"","ocean_menu_typo_transform":"","ocean_menu_typo_transform_tablet":"","ocean_menu_typo_transform_mobile":"","ocean_menu_typo_line_height":0,"ocean_menu_typo_line_height_tablet":0,"ocean_menu_typo_line_height_mobile":0,"ocean_menu_typo_line_height_unit":"","ocean_menu_typo_spacing":0,"ocean_menu_typo_spacing_tablet":0,"ocean_menu_typo_spacing_mobile":0,"ocean_menu_typo_spacing_unit":"","ocean_menu_link_color":"","ocean_menu_link_color_hover":"","ocean_menu_link_color_active":"","ocean_menu_link_background":"","ocean_menu_link_hover_background":"","ocean_menu_link_active_background":"","ocean_menu_social_links_bg":"","ocean_menu_social_hover_links_bg":"","ocean_menu_social_links_color":"","ocean_menu_social_hover_links_color":"","ocean_disable_title":"on","ocean_disable_heading":"default","ocean_post_title":"","ocean_post_subheading":"","ocean_post_title_style":"","ocean_post_title_background_color":"","ocean_post_title_background":0,"ocean_post_title_bg_image_position":"","ocean_post_title_bg_image_attachment":"","ocean_post_title_bg_image_repeat":"","ocean_post_title_bg_image_size":"","ocean_post_title_height":0,"ocean_post_title_bg_overlay":0.5,"ocean_post_title_bg_overlay_color":"","ocean_disable_breadcrumbs":"default","ocean_breadcrumbs_color":"","ocean_breadcrumbs_separator_color":"","ocean_breadcrumbs_links_color":"","ocean_breadcrumbs_links_hover_color":"","ocean_display_footer_widgets":"default","ocean_display_footer_bottom":"default","ocean_custom_footer_template":"0","footnotes":""},"class_list":["post-20","page","type-page","status-publish","has-post-thumbnail","hentry","entry","has-media"],"_links":{"self":[{"href":"https:\/\/www.mrtanandco.fr\/index.php\/wp-json\/wp\/v2\/pages\/20","targetHints":{"allow":["GET"]}}],"collection":[{"href":"https:\/\/www.mrtanandco.fr\/index.php\/wp-json\/wp\/v2\/pages"}],"about":[{"href":"https:\/\/www.mrtanandco.fr\/index.php\/wp-json\/wp\/v2\/types\/page"}],"author":[{"embeddable":true,"href":"https:\/\/www.mrtanandco.fr\/index.php\/wp-json\/wp\/v2\/users\/1"}],"replies":[{"embeddable":true,"href":"https:\/\/www.mrtanandco.fr\/index.php\/wp-json\/wp\/v2\/comments?post=20"}],"version-history":[{"count":5,"href":"https:\/\/www.mrtanandco.fr\/index.php\/wp-json\/wp\/v2\/pages\/20\/revisions"}],"predecessor-version":[{"id":113,"href":"https:\/\/www.mrtanandco.fr\/index.php\/wp-json\/wp\/v2\/pages\/20\/revisions\/113"}],"wp:featuredmedia":[{"embeddable":true,"href":"https:\/\/www.mrtanandco.fr\/index.php\/wp-json\/wp\/v2\/media\/110"}],"wp:attachment":[{"href":"https:\/\/www.mrtanandco.fr\/index.php\/wp-json\/wp\/v2\/media?parent=20"}],"curies":[{"name":"wp","href":"https:\/\/api.w.org\/{rel}","templated":true}]}}